 common divisor of g and z?
2
Suppose 0 = 5*g - 399 - 86. Let a = g - 42. Calculate the highest common divisor of 11 and a.
11
Let w = 19 + -10. What is the greatest common divisor of 6 and w?
3
Suppose 1 + 1 = 2*r. Let f be 32 + (r/1 - -1). Suppose 2*d = -0*d + f. What is the greatest common divisor of 17 and d?
17
Let s(u) = u**2 + 5*u - 10. Let n be -1 - -1 - 7 - 0. Let p be s(n). Suppose 0*d + 2*d - p = 0. What is the highest common factor of 20 and d?
2
Let y(x) = x**2 - 3*x + 6. Let l be y(5). Suppose 0*i + 3*i = 12. Let f be (3 - i) + -2 - -43. Calculate the highest common divisor of f and l.
8
Suppose 10 = -2*p, -3*a + 0*p + p + 41 = 0. Suppose -3*k + 8 = -28. What is the greatest common divisor of k and a?
12
Suppose -2*o + 10 = -0*o, -5*o = 4*t - 421. Let q(a) = -a**2 + a + 9. Let x be q(0). What is the highest common divisor of x and t?
9
Suppose v = 5*k - 48, 3*k = 3*v + 23 + 13. Let u = -1 + k. Calculate the highest common divisor of u and 56.
8
Suppose 2*f = -2*s + 30 - 192, -177 = 2*f - s. Let z be (-6)/(-24) - f/8. Suppose 0*k = 3*k - 3. Calculate the greatest common divisor of z and k.
1
Let q = -169 - -264. Let y = 185 - q. Let t = -9 + 19. What is the highest common divisor of y and t?
10
Let z(y) = y**3 + y**2 - 2*y - 1. Let m be z(-2). Let k be (4 - -52) + 2*m. Calculate the greatest common factor of 6 and k.
6
Let g(w) = -w**3 - 2*w**2 + w + 2. Let c be (-80)/36 - (-2)/9. Let y be g(c). Suppose y = -o + 4*o - 231. What is the greatest common divisor of 11 and o?
11
Let p = 31 - 22. Suppose 3*w + w = 1564. Suppose 2*a + 480 = 5*o + 5*a, 4*o + a = w. What is the highest common divisor of p and o?
9
Let q(r) = r**3 - 7*r**2 + 7*r - 8. Suppose -w - 6 = -2*w. Let k be q(w). Let x be 1/(-2)*76/k. Calculate the highest common divisor of 133 and x.
19
Let p(u) = -u**2 + 2*u + 3. Let d be p(-2). Let k be 2 + d/((-15)/6). Suppose -k*s - 6 = -90. What is the highest common factor of 3 and s?
3
Suppose -39 - 5 = -r + 4*d, -3*r = -3*d - 141. Calculate the greatest common divisor of 16 and r.
16
Let b(p) = 38*p**2 + 2*p - 1. Let q be b(1). Calculate the highest common factor of q and 26.
13
Suppose -2*v - 5 = 3*z, -2*v - 17 = 3*v + 3*z. Let m = 17 + v. What is the greatest common divisor of 143 and m?
13
Let t = -4 + 7. Suppose 4*n = -2*s + 680 - 98, -2*n = -t*s - 279. Calculate the greatest common factor of n and 16.
16
Suppose 5*p - y - 56 = 77, -p = 5*y - 11. Suppose -5*u + 13 = -4*u. What is the highest common divisor of u and p?
13
Let r = 15 + 1. Suppose 0*v - 2*v - 18 = 0. Let f(s) = -8*s - 8. Let a be f(v). What is the greatest common factor of a and r?
16
Let i = -11 + 51. Suppose 5*w = 5*m + 85, -2*w - 7 = m - 5*w. Let o = i + m. Calculate the highest common factor of 2 and o.
2
Let z(j) = j**2 + 4*j - 12. Let g be z(6). Calculate the highest common divisor of g and 6.
6
Suppose -1 + 9 = -4*z. Let f be 32 - (-2 - (-2 + z)). Suppose 62*k - 58*k = 300. Calculate the highest common divisor of f and k.
15
Let w = -6 - -50. Suppose 3*b = 19 + w. Let r = 18 + -4. What is the greatest common factor of b and r?
7
Let p be (-12)/(-16) + 13/4. Let g = -2 + 5. Suppose 0 = g*k + h - 19 - 75, k - 5*h = 42. What is the highest common factor of p and k?
4
Suppose r + 2*n - 22 = 0, 2*r = -n + 23 + 9. Let d = 95 - -3. Calculate the greatest common divisor of r and d.
14
Suppose w = 4*w - 3. Let x = 1 - -3. What is the highest common divisor of x and w?
1
Suppose v + 13 = 41. Suppose -182*x + 280 = -178*x. Calculate the greatest common factor of v and x.
14
Let b be 6/14 + 74/7. Suppose -44 = -3*x - b. Calculate the greatest common divisor of 88 and x.
11
Let r(s) = s**3 - 13*s**2 + 20*s - 26. Let m be r(12). What is the greatest common divisor of 40 and m?
10
Let n be 6/(-9) + (1 - 51/(-9)). What is the highest common divisor of n and 54?
6
Let w = -54 + 106. Calculate the highest common divisor of w and 78.
26
Suppose u + 0*u - 18 = 4*q, -4*u = 4*q - 52. Calculate the greatest common factor of 238 and u.
14
Let u = -8 + 22. Suppose 3*b - 5*w - 299 = 0, -198 = b - 3*b + 2*w. Calculate the highest common factor of u and b.
14
Suppose 0*f = 3*f. Let l be f*((-10)/(-4) + -2). Suppose -5*x + 113 + 157 = l. Calculate the greatest common factor of x and 18.
18
Let b be 31 + (-2 - -1*1). Let g be (-72)/(-30)*(-10)/(-4). Let h be ((-75)/g)/((-2)/12). Calculate the highest common divisor of h and b.
15
Suppose -3*o = -24 + 3. Calculate the greatest common factor of 70 and o.
7
Let j be 3 - (-1 + 2)/1. Let d = j - 2. Suppose d = 4*h - 2*f - 634, -2*h + 0*f - 4*f = -332. What is the highest common factor of 20 and h?
20
Let a = -88 + 100. What is the greatest common factor of a and 36?
12
Let q be 5*2/10*(-184)/(-2). What is the greatest common factor of 138 and q?
46
Let k(z) = 23*z**2 - z. Let j be k(1). Let f = 11 - 6. Let s = f + 28. Calculate the highest common divisor of s and j.
11
Let l(r) = 10*r. Let f be l(1). Let b = -2 + 7. Suppose b*d - 141 = 259. What is the highest common divisor of f and d?
10
Let q = 6 - -4. What is the greatest common factor of 35 and q?
5
Let r be 2/(3/((-102)/(-4))). Let b be 2/(-5) - r/(-5). Let d(s) = -s**3 + 4*s**2 - 2*s + 2. Let g be d(b). Calculate the greatest common factor of 1 and g.
1
Let n(d) = -d**2 + 27*d + 40. Let z be n(28). What is the greatest common divisor of 18 and z?
6
Let h(u) = u + 7. Let v be h(6). Let j = v + -5. Suppose -4*o = -0*o - j. What is the highest common factor of o and 2?
2
Suppose 1 + 148 = 5*l + 4*g, -4*g + 4 = 0. What is the highest common divisor of 145 and l?
29
Suppose 0*j - 2*j + 40 = 0. Let s(g) = g**3 - 3*g**2 + g + 2. Let y be s(3). Suppose 0 = -y*w - 0*w + 40. What is the highest common factor of w and j?
4
Let o(j) = -j**3 + 14*j**2 - 9*j + 2. Let n be o(13). Calculate the highest common divisor of n and 9.
9
Let g = -14 - -82. What is the greatest common divisor of 17 and g?
17
Suppose -10 = -4*w + 22. Suppose 0 = 4*k - 10 - 214. Suppose 5*v + 16 = k. Calculate the greatest common divisor of v and w.
8
Let l be (-5 + (-330)/(-9))*(1 + 2). Calculate the highest common divisor of l and 19.
19
Suppose 3*b - 2 = 2*b. Let o be 4/b + (1 - -5). What is the greatest common divisor of 24 and o?
8
Let c = -79 - -37. Let q be (-16)/12*c/4. What is the greatest common factor of q and 112?
14
Let f be 3 + (2 + -3 - -1). Suppose 0 = 3*n - f - 0. Let i be (-3)/(n - (-33)/(-30)). Calculate the greatest common factor of 20 and i.
10
Let r be (-2)/(-2)*18/6. Let a = -2 - -2. Suppose -r = -n - a. What is the greatest common factor of n and 21?
3
Suppose -6 = 4*r - 2, 2*r - 152 = -2*h. Suppose -4*z = -2*s - 4, -4*s - 3*z = -s + 33. Let k = 3 - s. Calculate the greatest common factor of h and k.
11
Suppose 4*t + j - 4 = 2*t, -2*t + 4 = 3*j. Suppose 0*z - t*z + 28 = 0. Suppose 490 = 4*b + b. What is the highest common divisor of b and z?
14
Suppose 3*h - 35 + 5 = 0. Let k be -1*(1 + -32) + -1. Calculate the highest common factor of k and h.
10
Let c be 8/(-10)*3/(18/(-75)). What is the greatest common factor of c and 50?
10
Let f(z) = z**3 - z + 8. Let r be f(0). Let a = r + -7. What is the highest common factor of a and 11?
1
Let d = 161 - 62. What is the greatest common divisor of 11 and d?
11
Suppose 0*a - 5*u - 30 = -4*a, -5*u = a - 20. Calculate the highest common divisor of a and 90.
10
Let t = 32 + -20. Calculate the highest common divisor of t and 30.
6
Suppose 0 = -u - 4 + 17. Calculate the greatest common divisor of u and 13.
13
Suppose -5*o + 76 = -2*m - m, -3*o = -5*m - 36. What is the highest common divisor of 17 and o?
17
Let j(q) = -41*q + 1. Let d be j(-1). What is the greatest common factor of 6 and d?
6
Let n(q) = -2*q**3 - 6*q**2 + 15*q + 4. Let l be n(-5). What is the highest common divisor of 29 and l?
29
Let n(q) = 2*q**2 + 10*q + 20. Let h be n(-10). What is the highest common factor of 90 and h?
30
Let v be (2 - 21/9)/(1/(-39)). Calculate the greatest common factor of 117 and v.
13
Let y(b) = b**3 + 11*b**2 + 8*b + 4. Let d be y(-10). Calculate the greatest common divisor of d and 168.
24
Let d = 4 + 0. Calculate the greatest common divisor of 10 and d.
2
Let c(j) = -j + 12. Let d be c(11). Calculate the greatest common factor of d and 8.
1
Let i be (5/(-10) + 1)